mainder when s(7) is divided by m?
23
Suppose 2*u = -4*k + 34, 2*u + 7*k - 38 = 2*k. Suppose -12*w + u*w + 375 = 0. What is the remainder when w is divided by 12?
5
What is the remainder when (-25280)/(-14) + ((-1)/(-7))/(60/120) is divided by 8?
6
Let u = -31 + 35. Suppose 19 = 4*p + 2*h + h, -p - u*h + 8 = 0. Suppose p*w + 4*v - 60 = 0, 0*w + 15 = w - 2*v. What is the remainder when 27 is divided by w?
12
Suppose 45878 - 77798 = -16*z. Calculate the remainder when z is divided by 14.
7
Let v(k) = -109*k + 1109. Calculate the remainder when v(7) is divided by 84.
10
Suppose k = 10*k - 27. Suppose 0 = 2*o + k*h - 52, 2*o - 2*h + 5 - 77 = 0. Calculate the remainder when 46 is divided by (0 - o)*(-1)/2.
14
Let f = -31822 - -31844. Suppose 2*q + 223 = 3*q + 2*l, 0 = 4*q + 3*l - 877. Calculate the remainder when q is divided by f.
19
Let l(a) = 2898*a - 23142. Calculate the remainder when 3437 is divided by l(8).
35
Let x = -1439 + 1617. Calculate the remainder when x is divided by 18.
16
Let w = -4508 + 4530. Calculate the remainder when 148 is divided by w.
16
Let w = 39 + 5. Let l = -23 + w. What is the remainder when 41 - (-2 - ((3 - -3) + -9)) is divided by l?
19
Let w = -1088 + 1112. Let i(z) = 5*z + 7. Let y be i(-5). Let a = y + w. Calculate the remainder when a is divided by 2.
0
Suppose 54*w - 53*w = 41. Let m be 1 + (4 - -5 - 4). Let a = 16 + m. Calculate the remainder when w is divided by a.
19
Suppose 2160 = -61*a + 69*a. Suppose 106*q - 100*q = a. Calculate the remainder when q is divided by 16.
13
Suppose -110*p + 1125 = 25. What is the remainder when 23 + 1 + (-2 - -1) is divided by p?
3
Let b(s) = 8*s + 8. Let r be b(-4). Let u = r - 69. Let y = -61 - u. Calculate the remainder when 83 is divided by y.
19
Let o(y) = y**2 - 35*y - 556. What is the remainder when 135 is divided by o(-12)?
7
Let j be (2 - (-24)/16)*(-12)/(-14). Suppose -2*u - 2*m + 3*m + 28 = 0, 2*u + j*m - 28 = 0. What is the remainder when 18/((-1)/(8/(-6))) is divided by u?
10
Suppose 2*o + 11 = 91. Let v = o - 2. Calculate the remainder when 187 is divided by v.
35
Suppose -33*h + 518 = -670. Calculate the remainder when h is divided by 20.
16
Let c(z) = -563 - z**3 + 2*z**3 - 5*z**2 + 633 - 21*z. Calculate the remainder when c(8) is divided by 12.
10
Let c(p) = -3*p**3 - 18*p**2 + 5*p - 25. Let y(n) = n**3 + 2*n**2 + 2*n + 1. Let u(q) = c(q) + 2*y(q). What is the remainder when 198 is divided by u(-15)?
64
Let r = -1463 + 1515. What is the remainder when 88 is divided by r?
36
What is the remainder when 3*756/(-48)*-4 is divided by 178?
11
Let n = 8557 + -8439. What is the remainder when 455 is divided by n?
101
Suppose 6*s - 2209 = 1955. Suppose -11*i + s = -428. What is the remainder when i is divided by 15?
12
Suppose 90 = 11*h - 2*h. Suppose -5*k - h = -6*k. Calculate the remainder when 1 - ((1 - 0) + -39) is divided by k.
9
Let i(s) = -s**3 - 23*s**2 - 23*s - 19. Let a be i(-22). Suppose -57 = -a*f + 21. Calculate the remainder when 85 is divided by f.
7
Suppose 366 = 3*j + 3*p, -4*j + 5*p + 58 = -484. Calculate the remainder when 505 is divided by j.
121
Let d(v) = -2*v**3 - 28*v**2 - 18*v + 7. What is the remainder when 531 is divided by d(-14)?
13
Let j = 2702 - 2669. What is the remainder when 702 is divided by j?
9
Let c(j) = -76*j + 9369. What is the remainder when 6741 is divided by c(121)?
167
Let t = -4 - -12. Let v(w) = -16*w + 1. Let n be v(-5). Suppose 0 = 3*g - n - 12. Calculate the remainder when g is divided by t.
7
Let i = -68 + 118. Let s = 174 + -83. Suppose -5*m + 90 = -5*h, m - 6*m + s = -4*h. Calculate the remainder when i is divided by m.
12
Suppose 0 = -2*d - 4*g + 6*g - 16, 5*d = 2*g - 34. Let v = d - -39. Let u(k) = 6*k - 1. What is the remainder when v is divided by u(3)?
16
Let q = -301 - -303. Suppose a - 38 = -i, 0 = -3*a - q*i + 27 + 84. What is the remainder when 238 is divided by a?
28
Let j(n) = -46*n**2 + 1020*n - 119. Calculate the remainder when j(22) is divided by (-244)/(-16) + (-1)/4.
12
Let m = -7 + 22. Suppose -4*v - m = -23. What is the remainder when (v/6)/((-2)/(-738)) is divided by 21?
18
Suppose -1124 = 4*o + o - 4*p, -o - 5*p = 219. What is the remainder when ((-1)/(-2))/((-4)/o) is divided by (1/((-8)/30))/(90/(-240))?
8
What is the remainder when 227 is divided by (-3)/(-84)*3610 - (-57)/798?
98
Let p be 4/(-10) + 31858/170. Suppose 256 + p = 4*j + o, 4*j - 439 = -5*o. Calculate the remainder when j is divided by 24.
15
Let q = 53 + -27. Suppose -3*r = 5*n - n + 43, -2*r + 28 = -3*n. Let c = q + n. Calculate the remainder when 28 is divided by c.
12
Let s be (1 - 2 - -3 - 1) + 36. Suppose 5*m + 2*x + 2*x = 265, -m - 4*x = -s. Let j = m - 45. What is the remainder when 56 is divided by j?
8
Suppose 3*k = -4*x - 0*k + 565, k = -2*x + 283. Suppose 3*v = h - 36, -3*h + 2*v + 4 = -90. Calculate the remainder when x is divided by h.
22
Suppose -5*t = -b - 32, -t = 2*b - 11 - 2. Suppose t*s - 2*s = 400. Let y = s - 53. What is the remainder when y is divided by 14?
13
Suppose -3*c = 2*j - 3972, 18*j - 15*j - 2*c - 5997 = 0. Calculate the remainder when j is divided by 663.
6
Let n = 6 + -4. Let g = -230 - -482. Suppose -55 - 139 = -3*d - n*k, k - g = -4*d. Calculate the remainder when d is divided by 11.
7
Let s(i) = -341*i - 1255. Calculate the remainder when 2165 is divided by s(-10).
10
Let q(x) = -x + 8. Let w(u) = u**3 - 8*u**2 - 2*u - 21. Let p be w(7). What is the remainder when (240/p)/(8/(-84)) is divided by q(0)?
6
Suppose -1148 = 92*r - 133*r. Calculate the remainder when 12179 is divided by r.
27
Let f(z) = 7*z**3 + 4*z**2 + 9*z - 104. Calculate the remainder when f(5) is divided by 185.
176
Let s be (-176)/(-12) + 20/(-30). Suppose -228 = s*i - 33*i. What is the remainder when 40 is divided by i?
4
Let g = 71 + -29. Suppose 5*c + 2*d - 70 = 0, 3*d = 2*c + d - g. Let y(k) = -9910*k + 19851. Calculate the remainder when y(2) is divided by c.
15
Let u = -182 + 179. Let d(w) = -5*w**3 - 7*w**2 + 5. Calculate the remainder when d(u) is divided by 8.
5
Let m(c) = -3*c - 4. Let w be m(-4). Suppose -3*o = -w*o + 50. Let r = -1030 - -1074. What is the remainder when r is divided by o?
4
Calculate the remainder when 1484 is divided by 201 + (19 - (-6 + 13)).
206
Suppose 19*n + 149 = 2*q + 14*n, -3*n - 3 = 0. What is the remainder when 212 is divided by q?
68
Let g(i) = -6*i**3 + 40*i**2 - 15*i + 7. Let r be (0 + (-4)/(-8))*12. Calculate the remainder when g(r) is divided by 13.
9
Let l(m) = 6*m**2 + 17*m + 101. Calculate the remainder when l(-5) is divided by 12.
10
Let h(w) = -2*w**2 + 3*w**2 - 235*w + 0*w**2 - 54 + 238*w. What is the remainder when 271 is divided by h(-11)?
33
Let y = 40 + -37. Let z be 3/(y - 60/22). Suppose z*c - 2 = 10*c. What is the remainder when 2 is divided by c?
0
Suppose 62*i - 291 = 46*i + 2141. Let t = 41 - 7. Calculate the remainder when i is divided by t.
16
Let m(t) = 3*t**2 + 9*t + 9. Calculate the remainder when ((-8)/5)/((96/620)/(-24)) is divided by m(-6).
59
Let o be 1*(-4)/4*-387. Suppose 14*t - 775 = o. Calculate the remainder when t is divided by 15.
8
Let z(k) = -k**3 - 4*k**2 + 3*k - 7. Let q = 1 + -6. Let n be z(q). Calculate the remainder when (6/(-4))/((n/(-32))/3) is divided by 17.
14
Let i be (-2 + -594)*(51/12 + -5). Suppose 4*o - 2*m - 704 = 0, -251 = -4*o + 5*m + i. What is the remainder when o is divided by 18?
15
Let m be -32*(2*25/20)/1. Let c = 233 + m. Calculate the remainder when c is divided by 93/2*2/3.
29
Let z(m) = -2*m + 11. Suppose a - 2*a - 13 = 5*f, 0 = 2*a - 5*f - 34. Suppose -g = -a*g - 78. What is the remainder when z(g) is divided by 8?
5
Suppose 95*n - 88*n = 217. Calculate the remainder when 46 is divided by n.
15
Suppose -2*f = -2*o + 88, -338 = -o - 2*f - 285. Calculate the remainder when o is divided by 6*-2*1/(-3).
3
Suppose 1674 = 15*h - 10*h - 4*b, h + 5*b - 358 = 0. Calculate the remainder when h is divided by 59.
43
Suppose 5*y = g + 238, 3*y = 20*g - 19*g + 144. What is the remainder when 326 is divided by y?
44
Let b = 5256 + -4837. What is the remainder when b is divided by 70?
69
Suppose -17*p - 5512 = -60*p + 2787. What is the remainder when p is divided by 13?
11
Suppose -2 = 71*n - 70*n. Let y = 38 + n. Calculate the remain